ose -6287 = -8*w + u. What is the units digit of w?
9
Let q(i) = -129*i - 766. What is the tens digit of q(-81)?
8
Suppose -19*j - 116 = -21*j. Let z = j + -53. Suppose 136 - 526 = -z*q. What is the tens digit of q?
7
Let o be 15/30*(-15 + 1). What is the tens digit of ((-1)/(-3))/(-4*o/8904)?
0
What is the thousands digit of (-4)/(7 + -3)*38169/(-9)?
4
Let l(w) = -27 + 16 - w**2 + 12*w - 18. Let a be l(8). Suppose 5*p - 4*q = 905, 5*p = -q + a*q + 895. What is the hundreds digit of p?
1
Suppose 5*j + 2*v + 1263 = 0, -2*v - 2*v = -2*j - 510. Let h = j - -367. What is the units digit of h?
4
Suppose 0 = -313*m + 312*m - 5*y + 29876, 2*m - 4*y = 59780. What is the units digit of m?
6
Suppose 0 = -4*r - 40*r + 78232. Suppose r*i - 1774*i = 7804. What is the tens digit of i?
5
Suppose -3 = 7*i - 31. Let a(q) = 35 - 4*q - 3*q - i - 2*q. What is the units digit of a(-10)?
1
Let c be (-5)/(-3) + -1 - (-4880)/15. Suppose 0 = -2*x + 116 + c. Suppose -3*n = -x - 55. What is the tens digit of n?
9
Suppose 4*l + 739 = t - 7203, 5*l + 39740 = 5*t. What is the tens digit of t?
5
Let m(d) be the third derivative of -3*d**4/8 + 7*d**3/6 - 224*d**2. Let a = 14 + -21. What is the units digit of m(a)?
0
Let d(u) = 15*u + 1. Let y be d(1). Suppose 3*f + y = 7*f + 4*a, 3*f + 2 = 4*a. Suppose 4*m - 145 = o, -m + o + 40 = f*o. What is the units digit of m?
7
Let z = -5634 - -13264. What is the tens digit of z?
3
Suppose -5*f + 103991 = 4*r, 30*f - 51994 = -2*r + 28*f. What is the thousands digit of r?
5
Suppose -4*x + 3*d = -11, 4*d = x - 3 - 3. Suppose x = z + 3, -j = 5*z + 3. What is the units digit of 1438/12*2 + j/6?
0
Suppose 0 = 263*z - 10150895 - 2659572. What is the thousands digit of z?
8
Let p = 75 - 79. What is the tens digit of 22/(-3*p/180)?
3
Suppose 28*c - 39029 - 66080 = 93019. What is the hundreds digit of c?
0
Suppose -4*t + 18917 + 13938 = 3*d, -2*t + 16410 = -2*d. What is the tens digit of t?
1
Let i = 98 + -151. Let d = 28 + i. Let y = 102 + d. What is the units digit of y?
7
Let c = 79601 - -15418. What is the units digit of c?
9
Let x = 354 + -350. Suppose x*y + 2*t = 1194, 0*y = y + 2*t - 303. What is the hundreds digit of y?
2
Let y(a) = 7*a**2 + 3*a - 3. Let x be y(-3). Suppose -5*m = 12*m + x. Let z(q) = -2*q**3 - 3*q**2 + 3*q + 9. What is the units digit of z(m)?
7
Let r(n) = 711*n + 16. Let x be r(1). Let z = x - 11. What is the tens digit of z?
1
Suppose 0 = -3*z + 40 - 112. Let s(p) = -p**3 - 23*p**2 - 19*p - 17. What is the tens digit of s(z)?
1
Suppose 577846 - 414 + 556148 = 28*s. What is the thousands digit of s?
0
Suppose 70*b - 9342 = 88*b. Let z = b - -857. What is the units digit of z?
8
Let d = 4993 - -739. What is the hundreds digit of d?
7
Suppose -641 - 517 = 6*l. Let v = 159 - l. What is the units digit of v?
2
Let t = -1155 + 4743. What is the units digit of t?
8
Let h(j) = j**2 - 3*j - 22. Let f be h(-9). Suppose r - f = l - 3, r - 95 = -2*l. Let t = r - 23. What is the tens digit of t?
6
Suppose -4*h + 18754 - 9989 = -21303. What is the units digit of h?
7
Let l(d) = -13 - 50 - 149*d - 11 - 97. What is the units digit of l(-6)?
3
What is the units digit of 85230/4*(-224)/(-336) - 18/3?
9
Let b(l) = l**3 + l**2 - 3*l - 3. Let i be b(-2). Let s be i - (-1 + 4 + -34). What is the units digit of s/(-9)*114/(-4)?
5
Let w(g) = -g**2 + 5*g - 3. Let j be w(3). Suppose -j*p + p + 18 = 0. Suppose 2*t - 1122 = -p*t. What is the units digit of t?
2
Let v = -1904 - -1087. Let k = -483 - v. What is the tens digit of k?
3
Suppose 20 = -5*j, -6 = o - 2*j - 72. Suppose 2*z = 0, l = -4*z + o + 50. What is the units digit of l?
8
Let u(a) = -a + 212 + 115 - 221. What is the tens digit of u(-10)?
1
Let f = -286 + 290. Suppose -f*u = -1023 - 277. What is the units digit of u?
5
Let f = -29 + 40. Let x be (-27 + f)*1/(-2). Suppose 0 = -x*s + 825 + 151. What is the tens digit of s?
2
Suppose -6*z + 11*z + 2*r = 34, -5*z + 38 = 4*r. Let p(n) = 16*n**2 - 5*n + 25. What is the hundreds digit of p(z)?
5
Suppose -d - 3*d = -3*o + 318, 0 = -3*o + d + 309. What is the units digit of o - 6/(12/2)?
1
Suppose -450*r + 1004 = -446*r. What is the tens digit of (r - -4)/1 + -4 + 0?
5
Let a(i) be the third derivative of i**6/120 + i**5/10 - 7*i**4/24 + 5*i**3/3 - 5*i**2 + 114. Suppose 4*w = 3*w + 4. What is the hundreds digit of a(w)?
1
Let v be 3/6 + 61/(-2). Let x = 37 + v. Suppose 0 = 4*p + 2*b - 442, x*b = 4*b - 15. What is the tens digit of p?
1
Let d = 5 - 3. Suppose -3*f + 498 = -d*a - 2*a, -2*f = 4*a - 312. Suppose 0 = -4*y + 174 + f. What is the tens digit of y?
8
Suppose 2*v - 8 + 0 = 0. Suppose 11 - v = -l. Let g = l + 36. What is the tens digit of g?
2
Let a(v) = 5312*v**2 + 5*v + 5. What is the tens digit of a(-1)?
1
Let o(x) = 2*x**2 - 36*x - 6. Let b(p) = p**2 - 11*p + 36. Let d be b(9). Let h be o(d). What is the tens digit of ((-320)/h)/((-6)/(-18))?
6
Let f(d) = -5*d - 8. Suppose 0 = -4*j - 42 + 10. Let t be f(j). Suppose -k + o + t = -14, 0 = -2*k - 4*o + 80. What is the tens digit of k?
4
Suppose 48841 = q + 2*x, -15*q = -11*q - 4*x - 195316. What is the tens digit of q?
3
Let y = 181 + -237. Let z = y - -268. What is the units digit of z?
2
Let l(s) = -2 + 87*s - 2 + 4. Let w(m) = -m + 1. Let j(t) = 2*l(t) + 4*w(t). What is the tens digit of j(1)?
7
Suppose -2*c - 2*m = 64, 0 = 3*c - m + 37 + 43. Let h = c - -27. What is the tens digit of (-4*(-1)/h)/(6/(-183))?
2
Suppose m = 2*h + 13927, -52*h + 49*h + 69583 = 5*m. What is the ten thousands digit of m?
1
Let r(f) = 4*f + 39. Let u be r(-8). Suppose -369 = u*j - 1118. What is the hundreds digit of j?
1
Suppose 5*g = s + 509, 13*g = 8*g - 5*s + 515. What is the units digit of g?
2
Let v = 135 - 133. Suppose -j = -1, 0 = 4*k + 6*j - v*j - 1756. Suppose -9*r = -1083 - k. What is the units digit of r?
9
Let l(k) = k**2 - 7*k - 15. Let d be l(9). Suppose -d*g = -4*o - 12, 9*g = 4*g + 2*o + 6. Suppose g = -6*s - 125 + 755. What is the hundreds digit of s?
1
Suppose -34 = 4*w + 122. Let y = w + 34. What is the units digit of (-20)/(-8)*(-16)/y?
8
Suppose -16*r + 164 - 20 = 0. Let j(q) = 10*q - 1. What is the tens digit of j(r)?
8
Let b(w) = -7*w**3 + 8*w**3 + 0 + 7*w - w**2 - 5. Let r be b(6). Suppose -326 = -3*d + r. What is the units digit of d?
1
Let s(t) = -2*t**3 - 157*t**2 - 502*t - 26. What is the tens digit of s(-76)?
4
Suppose a + 5 = z + 2*z, 3*z - 21 = -3*a. Suppose 6*h = z*h - 5*o + 2087, o = 3*h - 2063. What is the hundreds digit of h?
6
Let d = 19 + -16. Let y be 5 + 0/(d + (3 - 4)). Suppose -y*c = 32 - 407. What is the tens digit of c?
7
What is the units digit of (7 - (17 + 0))*(0 + 42204/(-30))?
8
Suppose 0 = -m + 18 + 2. What is the hundreds digit of 2/m - (-53046)/140?
3
Suppose -11 = -r - 4*f, -3*r + 0*r + f + 7 = 0. Suppose -r*k + 6148 = 91. What is the units digit of k?
9
Suppose y = -3*o + 6893, 0 = -4*y + 3*o + 20125 + 7462. What is the thousands digit of y?
6
Let d(a) = a**2 - 27*a - 243. Let r be d(57). Let x = -546 + r. What is the hundreds digit of x?
9
Suppose 329*r - 343*r + 337904 = 0. What is the units digit of r?
6
Suppose 0 = i - 0*i + 4*x - 15, -5*x = -2*i - 22. Let z(n) = 26*n + 1. Let q be z(5). Let b = i + q. What is the hundreds digit of b?
1
Let w(c) = 98*c**3 + c**2 - 12*c + 7. Let v be w(3). Let r = -1493 + v. What is the tens digit of r?
3
Let q(i) = 3*i**2 - 25*i - 50. Let x be q(10). Suppose 0 = -5*t + 6*t - f - 1268, x = -3*t - 5*f + 3804. What is the units digit of t?
8
Suppose 4*b + 5*w = -0*b + 245, -2*b + 2*w + 118 = 0. Let x = 64 - b. Suppose 81 + 147 = x*t. What is the units digit of t?
7
Let h(b) = 153*b**3 - 3*b**2 + 4*b - 4. Suppose 30 = -60*l + 75*l. What is the units digit of h(l)?
6
Let r(n) = n**2 + 9*n + 2. Let b be r(-6). Let i(t) = -5*t - 4. Let q(x) = 18*x + 15. Let u(c) = 9*i(c) + 2*q(c). What is the tens digit of u(b)?
3
Let c(i) = 6 - 2*i - 46 - 3*i**2 + 4*i**2 + 0*i**2. Let m(f) = 2*f**2 - 38*f - 96. Let o be m(21). What is the tens digit of c(o)?
2
Suppose 60756 = 451*o - 448*o. What is the thousands digit of o?
0
Suppose -210465 = -119*d + 243924 + 607805. What is the tens digit of d?
2
Let q = -266 + 187. Suppose 8*h = 241 - 577. Let i = h - q. What is the units digit of i?
7
Let n = 22755 - 3531. What is the thousands